tors of w.
61
Let w = 1 + 2. Let t = 10 - w. List the prime factors of t.
7
Suppose 3*q - 195 = 261. List the prime factors of q.
2, 19
Suppose -y + 14 + 38 = 0. List the prime factors of y.
2, 13
What are the prime factors of 0 + -2 + 44 + -9 + 8?
41
Let r(l) = -l**3 - l**2 + 4*l - 11. List the prime factors of r(-5).
3, 23
Suppose 0 = -2*d - 3 + 9, 5*w - 113 = 4*d. Let m = -21 + w. What are the prime factors of m?
2
Suppose -6*s + 16 = -2*s + 4*u, 2*u = -2. Suppose 0*j = 3*d + 2*j - 35, s*j = -4*d + 35. What are the prime factors of d?
3, 5
Suppose -5*u + 0*h - 3*h + 664 = 0, -2*u = 3*h - 262. What are the prime factors of u?
2, 67
Let z(q) = -2*q**3 - 2*q**2 - 5*q - 14. List the prime factors of z(-5).
211
Suppose -2*p + 88 + 8 = 0. What are the prime factors of p?
2, 3
Let g(l) = -l**3 - 8*l**2 - 11. Let q be g(-8). Let u(a) = -2*a - 3. What are the prime factors of u(q)?
19
Let o(l) = -l**2 - l + 3. Suppose 4*f + 2*w = 18, 6*f + 5*w - 27 = 2*f. Let m be o(f). Let i = -6 - m. What are the prime factors of i?
3
Let i(c) = -c**2 - 7*c + 5. Let x be i(-5). Let v be x + -2 - (3 + -2). List the prime factors of (v + 1)/(2 + -1).
13
Let f(o) = o**3 + 14*o**2 - 22*o - 6. What are the prime factors of f(-15)?
3, 11
Let s(y) = -y**2 + 10*y - 6. Let q be -3 - 0 - 35/(-5). List the prime factors of s(q).
2, 3
Suppose 3*z - y - 12 = 4*y, 20 = 5*z - y. Suppose 5*l = -3*a + 4*l + 20, -32 = -4*a + z*l. What are the prime factors of a?
7
Let r(z) = -z + 7. Let w be r(5). Suppose 5*v + w*p - 116 = 0, -5*v + 104 = -3*p + p. What are the prime factors of v?
2, 11
Suppose -3*s = 2*s + 5. Let h be (-78)/(-65)*(-20)/(-3). Let c = h - s. List the prime factors of c.
3
Let z(n) = 18*n - 49. What are the prime factors of z(7)?
7, 11
Let r be ((-18)/(-1))/((-1)/(-4)). Suppose 3*p + r = 6*p. What are the prime factors of p?
2, 3
Let k(y) = y**2 - 6*y - 5. Let c be k(6). Let z be -2 - (2 + -1) - c. List the prime factors of (z + 1 + 14)/1.
17
Let p(s) = s**2 - 6*s + 1. Let f be p(6). Let j be (-3 + f)/(5/(-5)). Suppose 6 = 3*n, 5*c + j*n - 7 = 7. List the prime factors of c.
2
Let w(h) be the third derivative of h**4/4 + h**2. List the prime factors of w(2).
2, 3
Let m(h) = 3*h**2 + 10*h + 1. What are the prime factors of m(-7)?
2, 3, 13
Suppose 2*v = -2*h - v + 629, 5*h = -4*v + 1562. What are the prime factors of h?
2, 5, 31
Let m(w) be the third derivative of -w**6/120 + w**4/12 - 2*w**3/3 - 6*w**2. List the prime factors of m(-3).
17
Let m(b) = -3*b**2. Let k be m(-2). List the prime factors of (-4)/k + (-46)/(-6).
2
Let x be (-4)/(-2 + -2 + 3). Let j be x/10 + 165/25. Let y = 8 + j. What are the prime factors of y?
3, 5
Let y = -4 - -52. List the prime factors of y.
2, 3
Let v = 13 + -9. List the prime factors of v*2/8*2.
2
Let v be 7 - (1 - 6/(-3)). Suppose -1 = -j, -x = v*x - 4*j - 101. Suppose -5*o + x = -34. List the prime factors of o.
11
Let r = 64 - 43. Suppose 3*y - 3*s - r = -2*s, -s = -5*y + 35. List the prime factors of y.
7
Let p(g) = -g**3 + 2*g**2 + 5*g - 3. Let i be p(3). What are the prime factors of i/(3/11) + 2?
13
Let v(a) = a**2 - 5*a - 3. Let o be v(6). Suppose 0 = -3*b + 7 + 32. Suppose -3*x + 12 = 5*g - x, -b = -5*g - o*x. What are the prime factors of g?
2
Let u be (-297)/(-22) + 2/(-4). Let f = 19 - u. List the prime factors of f.
2, 3
Suppose -2*j - 34 = 32. Let k be (-72)/j + (-6)/33. Suppose -k*s = 3*h - 9, -2*s + h - 3 + 8 = 0. List the prime factors of s.
3
What are the prime factors of (-4 - (-27)/6)*276?
2, 3, 23
Suppose 6 - 26 = 5*q. List the prime factors of ((-10)/8)/(1/q).
5
Let q be (-8)/(-5) + (-6)/(-15). List the prime factors of 1/q*36/2.
3
Let c be -5*(2/(-10) - -1). Let x = c - -25. Let a = 29 - x. List the prime factors of a.
2
Suppose -3*f = -4*x + 63, 0 = -0*x - x + 2*f + 22. Suppose -13 = 3*q + 8. Let h = x + q. What are the prime factors of h?
5
Let d(n) be the second derivative of n**5/20 - 7*n**4/12 + 3*n**3/2 - 2*n**2 - n. Let i be (-8)/10*2/((-12)/45). What are the prime factors of d(i)?
2, 7
Let j = 8 + -5. Suppose j*n = 7*n - 16. Suppose 0 = n*v - 17 - 27. List the prime factors of v.
11
Let a = 11 + -4. Let u = a + -4. Suppose u*h + h - 16 = 0. List the prime factors of h.
2
Let v be 9 + (-1 - (2 + -4)). Let l be (-3)/2 + (-9)/(-18). Let r = v - l. What are the prime factors of r?
11
Let t = 34 - -2. What are the prime factors of t?
2, 3
Suppose -4*t - 5*c - 27 = 15, 0 = t - 2*c + 4. Let d = 4 + -8. Let y = d - t. List the prime factors of y.
2
Let y be ((-2)/4)/((-1)/8). Let t be y*1 + -3 + 2. Suppose -t*v + 36 = -12. What are the prime factors of v?
2
Let f = -2 - 0. What are the prime factors of (f/(-4))/(3/42)?
7
Suppose 2*n + 2*r - 463 = 5*r, -2*n + 2*r + 464 = 0. List the prime factors of n.
233
Let k be (6 - 3)/((-1)/(-25)). Suppose 3 = 3*w - k. What are the prime factors of w?
2, 13
Let w be 1 + (5 + -2 - 1). What are the prime factors of (w - -1)/(2/7)?
2, 7
Suppose 33 = p + 5*m - 2, 2*m = -p + 26. Suppose -2*l - p = -3*g, 3*l = 4 - 16. List the prime factors of g.
2
Suppose 2*c - 427 = x, -x - 3 = -0*x. List the prime factors of c.
2, 53
Let z = 18 - 10. List the prime factors of z.
2
Let m = 10 + -10. Suppose -2*d - 14 = 3*n + 7, m = -4*d + 2*n - 2. What are the prime factors of (-20)/d - 6/9?
2, 3
Suppose 0 = 2*q - 3*d - 40, -6*q + 86 = -q - 4*d. What are the prime factors of q?
2, 7
Let d be ((-1)/(-1))/(5/15). Suppose 0 = -2*z - 8, -6*p + 3*p = d*z - 105. List the prime factors of p.
3, 13
Suppose 13 = -t + 5. Let x(d) be the second derivative of -d**3/6 - 3*d**2/2 + 5*d. List the prime factors of x(t).
5
Suppose -3*a - 7 = -2*z, 2*z + 2*a = 7*a + 5. Suppose 4*i - 16 = 2*k, -z*k = 5*i - 2*i + 1. What are the prime factors of i?
3
Let y = 300 + -179. Let m = -85 + y. List the prime factors of m.
2, 3
Let v(k) = -k**3 + 2*k**2 + k + 1. Let o be v(3). Let r be 6/(-10) + (-23)/o. What are the prime factors of (r - -1) + 4/(-2)?
3
Suppose -b - 48 = 4*z, -1 = -3*z + b - 37. Let d = 26 + z. List the prime factors of d.
2, 7
Suppose 2*p - 17 = -c + 26, 3*p - 3*c = 69. What are the prime factors of p?
2, 11
Suppose -4*v = -2*v - 12. Suppose 252 = -3*l + v*l. Suppose -5*t - 29 = -l. List the prime factors of t.
11
Suppose -d = -y + 28 + 6, -3*d = -3. List the prime factors of y.
5, 7
Suppose 87 = -27*j + 28*j. What are the prime factors of j?
3, 29
Suppose -2*u + 280 = 2*u. Suppose -4*t + 9*t - u = 0. What are the prime factors of t?
2, 7
Let y(q) = -6*q + 1. Let c be y(-1). Suppose c - 21 = 2*k. What are the prime factors of (-1)/(-1) + (1 - k)?
3
Let v(j) = 38*j**2 - j + 1. Let r be v(1). Suppose -s + r = s. List the prime factors of s.
19
Suppose -8*g + 704 = -0*g. List the prime factors of g.
2, 11
Let k be -3 + (-2)/(-1) - -14. Suppose 2*x = 6*x + 32. Let d = k + x. List the prime factors of d.
5
Let p(x) = 10*x**2 - x - 1. Suppose 5*j - 3*i = 15, -4*i + 3*i - 12 = -4*j. Suppose -g - j = -u - 1, u + 4*g = -13. What are the prime factors of p(u)?
2, 5
What are the prime factors of (2 - 5/3)/(7/4893)?
233
Let v be 0 + -4 + 0 + -3. Let u = -4 - v. What are the prime factors of u?
3
Let u(f) = -2*f**3 + 2*f**2 + 2*f + 3. List the prime factors of u(-2).
23
Suppose -2*u - 1 + 7 = 0. Suppose 32 = -u*a + 5*a. List the prime factors of a.
2
Let q(b) = 2*b**3 - 4*b**2 + 2*b. What are the prime factors of q(3)?
2, 3
Suppose -3*p = -19 - 20. Suppose -3*c + p + 11 = 0. What are the prime factors of c?
2
Suppose f = 6*f - 30. What are the prime factors of f?
2, 3
Suppose 2*k + 2 = 8, 5*m = -3*k + 414. List the prime factors of m.
3
Let n be (3/(-4))/(30/(-80)). Suppose -2*j + 40 = -n. What are the prime factors of j?
3, 7
Suppose -37 = -6*i + 311. List the prime factors of i.
2, 29
Let t(v) = v**3 + 10*v**2 - 2*v - 15. What are the prime factors of t(-10)?
5
Suppose 2*o - 33 - 25 = 0. Let m = 2 + -18. Let i = m + o. List the prime factors of i.
13
List the prime factors of (-78)/(-65)*160/6.
2
Suppose -160 = -6*m + m. What are the prime factors of m?
2
Suppose 5*n - 2*n = -33. Let h = n + 21. List the prime factors of h.
2, 5
Suppose -31 = -i - 4*c + 4, 4*c + 41 = 3*i. Let k = 19 + i. List the prime factors of k.
2, 19
Let h be 3/(9/6) - -4. Suppose 0 = 3*x + h, l + 4*x - 72 = -3*l. What are the prime factor